, what is -892 + -5?
-897
In base 2, what is 10010000000011011 - 0?
10010000000011011
In base 16, what is -1 - 2b?
-2c
In base 8, what is -13 - 123?
-136
In base 6, what is -13 - -35?
22
In base 16, what is -92 + 2?
-90
In base 2, what is 110111 + 1000?
111111
In base 9, what is -1228 + 5?
-1223
In base 10, what is -47 + 9?
-38
In base 4, what is 1 - 1330?
-1323
In base 16, what is 3 + 151?
154
In base 4, what is -231 - -2013?
1122
In base 16, what is 3d - -f5?
132
In base 16, what is -d883 - -2?
-d881
In base 9, what is -60 - -143?
73
In base 16, what is a - -14?
1e
In base 3, what is 11012 - -11202?
22221
In base 7, what is 332 + -6?
323
In base 15, what is -13 + 9?
-9
In base 3, what is -221011121 + -12?
-221011210
In base 6, what is 1505 + 1?
1510
In base 8, what is -3 + -3465?
-3470
In base 16, what is -79c + -9?
-7a5
In base 2, what is -100100010 + 0?
-100100010
In base 12, what is 21 - 7?
16
In base 7, what is -3 - 413?
-416
In base 6, what is -3 + 244?
241
In base 12, what is -2 + 52?
50
In base 4, what is -2 + 210?
202
In base 7, what is 3640 + -5?
3632
In base 4, what is -2 - 111?
-113
In base 15, what is -4792 - 4?
-4796
In base 6, what is -1333 + -2?
-1335
In base 14, what is -1 + -30d?
-310
In base 7, what is -3 + -1?
-4
In base 9, what is -521 - 0?
-521
In base 13, what is -a8 + -9?
-b4
In base 8, what is 2011 - -1?
2012
In base 7, what is 555 + 4?
562
In base 8, what is 27 - -462?
511
In base 10, what is -565 - 23?
-588
In base 5, what is -12 + -33?
-100
In base 16, what is 5 + 32?
37
In base 9, what is 2 - 27?
-25
In base 6, what is 0 - 3253?
-3253
In base 13, what is -6b4 + 4?
-6b0
In base 7, what is -133 + 2?
-131
In base 12, what is 5b25 + -2?
5b23
In base 2, what is 1100000 - 111?
1011001
In base 9, what is -55 - 5?
-61
In base 5, what is 20123 + 1?
20124
In base 3, what is 1110 - -1?
1111
In base 6, what is 102 - 121?
-15
In base 4, what is -12 + -1120?
-1132
In base 6, what is 140 + 2?
142
In base 7, what is -256 + -3?
-262
In base 2, what is -1000 - 10?
-1010
In base 14, what is 86 - -c?
94
In base 12, what is 1 + 749?
74a
In base 10, what is 316 - -19?
335
In base 16, what is 23 + 84?
a7
In base 13, what is 4 - 13?
-c
In base 6, what is -1 + -1325?
-1330
In base 4, what is -311 + 10?
-301
In base 13, what is 7 - 38?
-31
In base 16, what is -15 + -2?
-17
In base 8, what is -2 - -31?
27
In base 16, what is aec - -7?
af3
In base 6, what is 4 - 0?
4
In base 8, what is 3 - 43?
-40
In base 9, what is -13 + 20?
6
In base 6, what is 15 + 2?
21
In base 14, what is 83 - 2?
81
In base 11, what is 5 - 141?
-137
In base 7, what is 11012 + 11?
11023
In base 14, what is 7 + 41?
48
In base 4, what is 32 + -12?
20
In base 4, what is -1 + -1130?
-1131
In base 7, what is 5 + 15?
23
In base 2, what is -100000 + 101?
-11011
In base 6, what is 3130 - -2?
3132
In base 3, what is -10 + 210021?
210011
In base 12, what is -51 - 37?
-88
In base 12, what is 4 - ba?
-b6
In base 3, what is 1112 + 10101?
11220
In base 16, what is 2f4 - 1?
2f3
In base 7, what is -5 + 61?
53
In base 4, what is -1 + 3100?
3033
In base 7, what is 3 - -113?
116
In base 15, what is 5 + 22c?
232
In base 13, what is 0 - -bc?
bc
In base 16, what is 16 - c4?
-ae
In base 7, what is -114 - 3?
-120
In base 16, what is -19 - -9?
-10
In base 2, what is 101 + 10101011110?
10101100011
In base 3, what is 2201010 + 22?
2201102
In base 16, what is 458 + -2?
456
In base 11, what is 0 - 264?
-264
In base 5, what is 32342 - 2?
32340
In base 8, what is 1707 + 3?
1712
In base 13, what is 155 + 1?
156
In base 14, what is -c5 + b?
-b8
In base 11, what is -822 - -3?
-81a
In base 6, what is 1320 - 1?
1315
In base 8, what is 152 - -171?
343
In base 3, what is -12 + -1110220?
-1111002
In base 14, what is 2c - 1?
2b
In base 7, what is -4654 + -5?
-4662
In base 2, what is -11000 - 10010000?
-10101000
In base 10, what is -612 - 2?
-614
In base 9, what is 2 - 535?
-533
In base 5, what is -1 - -1034?
1033
In base 4, what is -11 - 10?
-21
In base 15, what is -61 - -1?
-60
In base 2, what is -10000111 - -10?
-10000101
In base 14, what is 8 + 13?
1b
In base 2, what is 1010 + 1010?
10100
In base 4, what is 1021 - -1030?
2111
In base 13, what is 5 - -240?
245
In base 2, what is 100100000001 - -1110?
100100001111
In base 11, what is -4291 - -4?
-4288
In base 12, what is -4 - -b2?
aa
In base 14, what is -2c1 - -3?
-2bc
In base 6, what is 20052 - 5?
20043
In base 7, what is -436 - 0?
-436
In base 7, what is 2 + 1600?
1602
In base 16, what is -3 + -57?
-5a
In base 14, what is 11da - 3?
11d7
In base 6, what is 0 - 4?
-4
In base 2, what is -1110 + 110111001?
110101011
In base 8, what is -337 - -20?
-317
In base 5, what is 3 + 34?
42
In base 13, what is -233 - 5?
-238
In base 3, what is 1121012 + 20?
1121102
In base 11, what is 183 + 3?
186
In base 5, what is -4 - 2210?
-2214
In base 5, what is 1414 - -22?
1441
In base 4, what is 133 - -23?
222
In base 8, what is -50 - -44?
-4
In base 7, what is -466 + 2?
-464
In base 9, what is 568 - 1?
567
In base 13, what is a - 1c?
-12
In base 3, what is 101201 + 1?
101202
In base 3, what is 10021 + 211?
11002
In base 13, what is -ab + -14?
-c2
In base 7, what is -2660 + 0?
-2660
In base 7, what is -4 + 13?
6
In base 7, what is 15 + 65?
113
In base 5, what is 1414103 + 10?
1414113
In base 13, what is -166 + -5?
-16b
In base 8, what is -4 + 161?
155
In base 10, what is -7 + -41?
-48
In base 4, what is -20 - -13?
-1
In base 9, what is 7 - -63?
71
In base 9, what is -5 - 47?
-53
In base 11, what is -2 - -14a3?
14a1
In base 13, what is a + -28?
-1b
In base 8, what is -22 - 2?
-24
In base 4, what is -1 - -1332031?
1332030
In base 14, what is 38 - 18?
20
In base 4, what is -10 - -1012?
1002
In base 15, what is 0 + -18e7?
-18e7
In base 16, what is 1 - -90f?
910
In base 8, what is 6201 + 1?
6202
In base 4, what is 2 + 1111111?
1111113
In base 5, what is 2 - -300?
302
In base 9, what is -8346 + -1?
-8347
In base 5, what is -1342 + -31?
-1423
In base 2, what is -10000 + 10001111?
1111111
In base 2, what is -10 + 1011000?
1010110
In base 3, what is -2 - 11?
-20
In base 13, what is -3b + 5?
-36
In base 7, what is 101 - -45?
146
In base 14, what is 10b - -5?
112
In base 15, what is -1b - -6?
-15
In base 15, what is -6 - -5?
-1
In base 10, what is -1645 + 2?
-1643
In base 2, what is 1001 + 1000?
10001
In base 11, what is -3a + 78?
39
In base 2, what is -101110011 + 1101?
-101100110
In base 11, what is -5 + -1530?
-1535
In base 4, what is 12 - 32300?
-32222
In base 2, what is -10011111100 - 1?
-10011111101
In base 3, what is -2 - -122?
120
In base 11, what is 1 + -1?
0
In base 12, what is 77 - -43?
ba
In base 4, what is 1011 + -131?
220
In base 14, what is 32 + -3a?
-8
In base 12, what is -1 + -17?
-18
In base 2, what is -1010 - 100011110110?
-100100000000
In base 8, what is -4 + -104?
-110
In base 12, what is -4 + -48b?
-493
In base 4, what is -21 - -301?
220
In base 3, what is 10000 - 11?
2212
In base 4, what is -3 - -3333?
3330
In base 15, what is a - 7?
3
In base 16, what is -5572 - 5?
-5577
In base 16, what is -657 + -1?
-658
In base 10, what is -5 - -78?
73
In base 14, what is -3 + -1d?
-22
In base 5, what is -122 + -111?
-233
In base 7, what is -14416 - 3?
-14422
In base 15, what is -3 - 10?
-13
In base 7, what is -20 - 224?
-244
In base 8, what is 14 - -14?
30
In base 8, what is -1 - 1025?
-1026
In base 3, what is 10 - -1111101?
1111111
In base 14, what is 0 + -cd?
-cd
In base 5, what is -4 + -4?
-13
In base 8, what is 0 - -2503?
2503
In base 5, what is -23 + -101?
-124
In base 14, what is 1 - 72?
-71
In base 3, what is -2 - -122?
120
In base 13, what is 7 - -1a27?
1a31
In base 3, what is 2102212 + 2?
2102221
In base 13, what is 3 + b44?
b47
In base 14, what is -2 + -6?
-8
In base 16, what is -1 - 40?
-41
In base 10, what is -119 - -4?
-115
In base 8, what is -4 + 50?
44
In base 14, what is 6 + -218?
-212
In base 8, what is -4 + -100?
-104
In base 11, what is 343 + -5?
339
In base 11, what is 90 + 3?
93
In base 7, what is -10 + 5?
-2
In base 10, what is 2 - 239?
-237
In base 10, what is 11 + 565?
576
In base 14, what is -28c - 0?
-28c
In base 12, what is -24 + -261?
-285
In base 13, what is -2 + -17?
-19
In base 5, what is 4313 + -3?
4310
In base 16, what is -f + -e?
-1d
In base